{"id":452,"date":"2023-08-18T14:41:27","date_gmt":"2023-08-18T12:41:27","guid":{"rendered":"https:\/\/alfard.ovh\/?page_id=452"},"modified":"2023-08-18T23:19:17","modified_gmt":"2023-08-18T21:19:17","slug":"lua-loader","status":"publish","type":"page","link":"https:\/\/alfard.ovh\/index.php\/lua-loader\/","title":{"rendered":"Lua Loader"},"content":{"rendered":"\n<div class=\"wp-block-media-text is-stacked-on-mobile\" style=\"grid-template-columns:44% auto\"><figure class=\"wp-block-media-text__media\"><a href=\"https:\/\/alfard.ovh\/wp-content\/uploads\/2023\/08\/Zrzut-ekranu-2023-01-15-163753.png\"><img loading=\"lazy\" decoding=\"async\" width=\"774\" height=\"742\" src=\"http:\/\/alfard.ovh\/wp-content\/uploads\/2023\/08\/Zrzut-ekranu-2023-01-15-163753.png\" alt=\"\" class=\"wp-image-449 size-full\" srcset=\"https:\/\/alfard.ovh\/wp-content\/uploads\/2023\/08\/Zrzut-ekranu-2023-01-15-163753.png 774w, https:\/\/alfard.ovh\/wp-content\/uploads\/2023\/08\/Zrzut-ekranu-2023-01-15-163753-300x288.png 300w, https:\/\/alfard.ovh\/wp-content\/uploads\/2023\/08\/Zrzut-ekranu-2023-01-15-163753-768x736.png 768w\" sizes=\"auto, (max-width: 774px) 100vw, 774px\" \/><\/a><\/figure><div class=\"wp-block-media-text__content\">\n<p>Przedstawiam program, kt\u00f3ry umo\u017cliwia programowanie uk\u0142ad\u00f3w ESP8266 NodeMCU w j\u0119zyku Lua. Jest konkurencj\u0105 dla ESPlorer. Powsta\u0142 na bazie i na wz\u00f3r LuaLoader <a href=\"http:\/\/benlo.com\/esp8266\/\">benlo.com<\/a><\/p>\n<\/div><\/div>\n\n\n\n<p>Ta aplikacja jest g\u0142\u00f3wnym sk\u0142adnikiem \u015brodowiska uruchomieniowego dla Internetu Rzeczy ( IOT ) opartego o kontrolery ESP<\/p>\n\n\n\n<h2 class=\"wp-block-heading\">Funkcje<\/h2>\n\n\n\n<p>Opis dotyczy wersji dla ESP8266.<\/p>\n\n\n\n<ul class=\"wp-block-list\">\n<li>upload i download plik\u00f3w LUA, TXT i BIN do i z ESP<\/li>\n\n\n\n<li>wysylanie komend do ESP<\/li>\n\n\n\n<li>obserwowanie w oknie terminala kontrolnych wynik\u00f3w dzia\u0142ania programu napisanego w LUA i wykonywanego w NodeMCU fizycznie w ESP<\/li>\n\n\n\n<li>konfigurowanie WiFi<\/li>\n\n\n\n<li>sterowanie GPIO<\/li>\n\n\n\n<li>funkcja \u0142adowania BINarnych plik\u00f3w do LFS<\/li>\n<\/ul>\n\n\n\n<p>Program komunikuje si\u0119 z uk\u0142adem ESP w oparciu o fizyczny USB i virtualny COM.<\/p>\n\n\n\n<p>Plik programu mo\u017cna pobra\u0107 z adresu:<\/p>\n\n\n\n<ul class=\"wp-block-list\">\n<li><a href=\"https:\/\/alfard.ovh\/wp-content\/uploads\/plikit1ak\/LuaLoader-v341a.rar\">data 2023-07 ver. 3.41<\/a><\/li>\n\n\n\n<li>wersja 20&#8230;<\/li>\n<\/ul>\n","protected":false},"excerpt":{"rendered":"<p>Przedstawiam program, kt\u00f3ry umo\u017cliwia programowanie uk\u0142ad\u00f3w ESP8266 NodeMCU w j\u0119zyku Lua. Jest konkurencj\u0105 dla ESPlorer. Powsta\u0142 na bazie i na wz\u00f3r LuaLoader benlo.com Ta aplikacja jest g\u0142\u00f3wnym sk\u0142adnikiem \u015brodowiska uruchomieniowego dla Internetu Rzeczy ( IOT ) opartego o kontrolery ESP Funkcje Opis dotyczy wersji dla ESP8266. Program komunikuje si\u0119 z uk\u0142adem ESP w oparciu o [&hellip;]<\/p>\n","protected":false},"author":1,"featured_media":0,"parent":0,"menu_order":0,"comment_status":"closed","ping_status":"closed","template":"","meta":{"footnotes":""},"class_list":["post-452","page","type-page","status-publish","hentry"],"_links":{"self":[{"href":"https:\/\/alfard.ovh\/index.php\/wp-json\/wp\/v2\/pages\/452","targetHints":{"allow":["GET"]}}],"collection":[{"href":"https:\/\/alfard.ovh\/index.php\/wp-json\/wp\/v2\/pages"}],"about":[{"href":"https:\/\/alfard.ovh\/index.php\/wp-json\/wp\/v2\/types\/page"}],"author":[{"embeddable":true,"href":"https:\/\/alfard.ovh\/index.php\/wp-json\/wp\/v2\/users\/1"}],"replies":[{"embeddable":true,"href":"https:\/\/alfard.ovh\/index.php\/wp-json\/wp\/v2\/comments?post=452"}],"version-history":[{"count":5,"href":"https:\/\/alfard.ovh\/index.php\/wp-json\/wp\/v2\/pages\/452\/revisions"}],"predecessor-version":[{"id":473,"href":"https:\/\/alfard.ovh\/index.php\/wp-json\/wp\/v2\/pages\/452\/revisions\/473"}],"wp:attachment":[{"href":"https:\/\/alfard.ovh\/index.php\/wp-json\/wp\/v2\/media?parent=452"}],"curies":[{"name":"wp","href":"https:\/\/api.w.org\/{rel}","templated":true}]}}